v(-120).
-4
Let c(t) = 25*t**3 + t**2 + 2. What is c(-2)?
-194
Let h(d) = -d**3 + 56*d**2 + 167*d + 204. Give h(59).
-386
Let z(w) = -w**2 - 93*w - 336. Calculate z(-90).
-66
Let j(n) = n**3 - 16*n**2 + 11*n + 5. Calculate j(14).
-233
Let u(p) = -p**2 - 519*p + 1044. What is u(2)?
2
Let h(l) = -l**3 - 2*l**2 + 8*l + 7. Determine h(-4).
7
Let u(k) = -187*k + 549. What is u(6)?
-573
Let h(u) = -3*u**3 - 136*u**2 - 175*u + 37. Calculate h(-44).
-7
Let k(n) = 2*n**2 + 1070*n + 3215. What is k(-3)?
23
Let f(l) = -7*l**2 + 439*l + 1315. Determine f(-3).
-65
Let j(r) = -6*r**3 + 47*r**2 + 10*r - 10. Determine j(8).
6
Let o(b) = b**2 + 376*b + 1855. Determine o(-5).
0
Let s(f) = -114*f - 1477. Give s(-13).
5
Let h(o) = -51*o + 1599. Determine h(28).
171
Let y(r) = 3342*r + 50057. What is y(-15)?
-73
Let c(w) = -w**3 + 11*w**2 + 15*w - 42. Calculate c(5).
183
Let m(x) = -10*x**3 - 79*x**2 + 37*x + 219. Calculate m(-8).
-13
Let y(t) = t**2 - 39*t + 8. What is y(-7)?
330
Let p(h) = 14*h**2 + 9. Calculate p(-3).
135
Let g(w) = -w**3 - 60*w**2 - 114*w + 123. Calculate g(-58).
7
Let z(d) = 578*d**3 + 6*d**2 + 16*d + 11. What is z(-1)?
-577
Let f(y) = -406*y - 1604. Calculate f(-4).
20
Let o(q) = -331*q - 996. What is o(-3)?
-3
Let q(x) = -179*x + 1472. Calculate q(9).
-139
Let r(y) = -42*y - 2816. What is r(-67)?
-2
Let v(g) = -2*g**3 + 6*g**2 + 7*g - 33. Determine v(4).
-37
Let t(f) = -4672*f + 14002. Determine t(3).
-14
Let m(o) = -o**3 - 76*o**2 - 14*o - 1034. Determine m(-76).
30
Let c(i) = 5530*i - 160370. What is c(29)?
0
Let x(z) = -z**3 - 17*z**2 - 66*z + 58. What is x(-9)?
4
Let s(k) = 35*k**2 + 25*k - 25. Calculate s(1).
35
Let j(x) = x**3 + 2*x**2 + 50*x + 151. Calculate j(-3).
-8
Let o(r) = 2*r**2 + 43*r + 254. Give o(-12).
26
Let a(b) = 5*b**2 + 99*b + 7. Give a(-21).
133
Let y(o) = o**3 + 260*o**2 - 123*o - 31977. Calculate y(-260).
3
Let j(p) = -13*p**2 - 743*p + 1384. Determine j(-59).
-32
Let p(w) = 9*w**2 - 3*w - 8. What is p(0)?
-8
Let m(v) = 586*v - 4008. Give m(7).
94
Let f(m) = 8*m**2 + 63*m + 3. What is f(-8)?
11
Let c(t) = -4576*t + 13716. Calculate c(3).
-12
Let m(j) = -j**3 + 66*j**2 - 128*j + 91. What is m(64)?
91
Let l(v) = 7*v**2 + 176*v + 33. What is l(-25)?
8
Let j(d) = -10*d**2 - 63*d + 5. What is j(-6)?
23
Let y(b) = -b**3 - 73*b**2 - 136*b + 298. Calculate y(-71).
-128
Let m(x) = -x**3 - 6*x**2 + 5*x - 218. Give m(-9).
-20
Let s(z) = -5*z**2 - 381*z - 41. Calculate s(-76).
35
Let r(w) = 43*w + 94. Determine r(-4).
-78
Let h(q) = -q**3 - 78*q**2 + 1504*q - 7. Calculate h(-94).
-7
Let h(v) = -13*v - 349. Give h(-28).
15
Let m(c) = -174*c - 49766. Give m(-286).
-2
Let q(z) = 4*z**3 + 9*z**2 - 386*z - 5. What is q(-11)?
6
Let q(y) = -y**3 - 12*y**2 + 39*y - 23. Calculate q(-15).
67
Let h(u) = -396*u - 14270. What is h(-36)?
-14
Let t(r) = r**3 - 39*r**2 + 68*r - 517. What is t(38)?
623
Let a(o) = o**3 + 45*o**2 - 3780*o + 355. Give a(-88).
3
Let a(m) = 36*m + 686. Determine a(-18).
38
Let a(o) = 264*o - 11920. What is a(45)?
-40
Let y(v) = 8*v**2 - 53*v - 20. Give y(7).
1
Let d(p) = p**3 - 107*p**2 + 4*p - 373. Determine d(107).
55
Let g(r) = -2*r**3 + 12*r**2 + 5*r + 17. Calculate g(10).
-733
Let l(r) = r**2 + 52*r - 275. Determine l(5).
10
Let t(u) = 6*u**2 - 277*u - 1884. What is t(-6)?
-6
Let i(m) = -24*m**3 + 15*m**2 - 17*m + 2. Give i(1).
-24
Let a(x) = x**3 + 35*x**2 + 35*x + 3. Give a(-34).
-31
Let f(m) = 2*m**3 - 124*m**2 + 120*m - 139. Determine f(61).
-261
Let n(o) = -15*o - 626. What is n(-40)?
-26
Let p(l) = -l**2 - 129*l - 3474. Determine p(-36).
-126
Let c(x) = x**2 - 60*x - 2342. Give c(87).
7
Let y(k) = 42*k**3 + 5*k**2 + 11*k + 12. Determine y(-2).
-326
Let z(j) = -2*j**2 - 41*j - 33. Determine z(-16).
111
Let s(h) = -2*h - 161. Give s(-29).
-103
Let o(u) = -1691*u - 36. Determine o(0).
-36
Let s(u) = -22*u**2 + 3253*u + 429. Determine s(148).
-15
Let p(v) = 8*v**3 + 24*v**2 - 4*v - 24. Calculate p(-1).
-4
Let w(j) = -40*j + 382. What is w(20)?
-418
Let z(b) = 4*b**2 + 18*b - 18. Determine z(4).
118
Let h(z) = z - 52. What is h(-9)?
-61
Let n(u) = -2*u**2 - 24*u - 19. Calculate n(-12).
-19
Let x(w) = -55*w**2 - 243*w - 15. What is x(-4)?
77
Let s(q) = q**3 - 30*q**2 - 43*q - 236. What is s(32)?
436
Let o(u) = u**3 + 14*u**2 - 53*u - 29. What is o(-17)?
5
Let m(p) = -23*p - 2170. Determine m(-94).
-8
Let n(d) = -156*d + 126. What is n(3)?
-342
Let w(r) = 220*r**2 + 13420*r + 7. Determine w(-61).
7
Let h(r) = r**3 + 9*r**2 - 5*r + 29. Calculate h(-9).
74
Let h(b) = -b**2 + 29*b - 20. Calculate h(25).
80
Let z(d) = -10*d - 27. Give z(-5).
23
Let t(p) = 481*p + 1855. Determine t(-4).
-69
Let i(t) = -t**2 - 9*t + 214. What is i(11)?
-6
Let b(c) = c**2 - 171*c + 4677. Determine b(137).
19
Let d(t) = 20*t - 987. What is d(46)?
-67
Let n(j) = 7*j**2 - 140*j + 292. What is n(17)?
-65
Let v(t) = 216*t**3 + 2*t**2 - 10*t + 7. What is v(1)?
215
Let s(b) = -91*b + 1463. Give s(19).
-266
Let q(j) = -6*j**2 - 21*j + 72. Give q(3).
-45
Let h(u) = 4*u + 1142. Give h(19).
1218
Let y(q) = 13*q**2 + 1154*q - 279. Calculate y(-89).
-12
Let l(w) = -1951*w - 35100. What is l(-18)?
18
Let f(x) = -2*x**2 + x + 48. Determine f(-8).
-88
Let t(z) = -5*z**2 - 1176*z - 2559. Determine t(-233).
4
Let r(m) = 100*m - 238. Determine r(4).
162
Let a(j) = 7*j + 13. Calculate a(-3).
-8
Let k(q) = 11*q**2 + 80*q - 35. Give k(-7).
-56
Let q(o) = -o**3 + 18*o**2 - 16*o + 230. What is q(18)?
-58
Let s(j) = 25*j - 130. Calculate s(6).
20
Let u(p) = 4*p + 3. Calculate u(30).
123
Let o(g) = -439*g - 6589. Calculate o(-15).
-4
Let z(k) = -k**2 + 4*k + 83. Give z(10).
23
Let i(x) = -24*x + 301. What is i(14)?
-35
Let v(d) = -2*d**2 - 103*d - 303. What is v(-48)?
33
Let j(y) = -4*y**3 + y**2 - 3*y - 24. What is j(-4)?
260
Let l(b) = -15*b**2 + 127*b - 16. What is l(8)?
40
Let a(q) = 24*q + 535. Calculate a(-23).
-17
Let f(x) = -x**2 - 17*x + 4. Determine f(-6).
70
Let o(v) = -v**3 + 5*v + 39. Determine o(0).
39
Let i(y) = y**3 + 72*y**2 + 14*y + 1032. Determine i(-72).
24
Let y(a) = 2*a**2 - 38*a - 95. Determine y(21).
-11
Let o(w) = 2*w**2 + 4*w - 15. Determine o(-7).
55
Let y(l) = -l**3 + 67*l**2 - 217*l - 2215. Determine y(63).
-10
Let g(c) = -c**2 - 38*c + 118. What is g(-41)?
-5
Let x(a) = -5*a**2 + 3*a + 202. What is x(-5)?
62
Let d(x) = 18*x - 27. What is d(1)?
-9
Let w(p) = -2*p**2 + 12*p - 22. Calculate w(2).
-6
Let s(z) = -z**2 - 26*z - 154. Determine s(-18).
-10
Let u(l) = -8*l**2 + 29*l - 55. Calculate u(-5).
-400
Let x(v) = 17*v**3 - 12*v + 28. What is x(2)?
140
Let i(c) = 15*c - 680. Determine i(47).
25
Let b(z) = -z**2 - 39*z + 4190. Determine b(48).
14
Let a(c) = -c**3 + 49*c**2 + 59*c - 453. Determine a(50).
-3
Let p(t) = t + 93. Give p(10).
103
Let y(b) = b**3 + 14*b**2 + 2*b - 19. Determine y(-13).
124
Let z(t) = -t**3 - 15*t**2 - 303*t - 3575. What is z(-13)?
26
Let w(o) = -o**3 + 16*o**2 - o - 40. Calculate w(16).
-56
Let b(n) = -n**3 - 11*n**2 - 17*n + 35. Determine b(-7).
-42
Let b(i) = -28*i**3 + i**2 - 19*i + 18. Give b(1).
-28
Let h(t) = -t**2 - 28*t + 96. What is h(-32)?
-32
Let v(h) = 226*h + 446. Determine v(-2).
-6
Let b(q) = -q**3 + 10*q**2 + 543*q + 236. Determine b(29).
4
Let k(a) = -9*a**2 - 96*a + 9. Give k(-10).
69
Let h(i) = 3*i**2 - 9*i + 23. What is h(2)?
17
Let w(m) = -m**2 - 719*m - 8478. What is w(-12)?
6
Let i(b) = 73*b**3 - b**2 + 13*b - 21. Give i(2).
585
Let k(s) = -53*s**3 + 4*s**2 - 12*s + 8. Calculate k(1).
-53
Let j(b) = 2*b**3 - 13*b**2 + 13*b + 33. What is j(4)?
5
Let z(w) = -385*w - 38499. Determine z(-100).
1
Let v(o) = -45*o - 199. Determine v(-3).
-64
Let b(u) = u**2 - 47*u + 426. Give b(35).
6
Let l(v) = -1113*v + 5582. Give l(5).
17
Let a(z) = z**2 - 32*z + 107. What is a(6)?
-49
Let b(a) = 417*a + 1671. Determine b(-4).
3
Let i(z) = -276*z + 993. Determine i(3).
165
Let y(a) = 321*a**2 - 55*a + 2. Determine y(-1).
378
Let r(u) = u**2 - 42*u - 83. Determine r(43).
-40
Let a(f) = 2*f**3 + 20*f**2 - 143*f - 1393. Give a(-8).
7
Let y(x) = 533*x - 2655. Give y(5).
10
Let h(k) = -k**2 - 77*k + 456. Give h(6).
-42
Let v(y) = -416*y**3 - y**2 + 5*y + 4. Calculate v(-1).
414
Let w(h) = -6717*h - 73879. What is w(-11)?
8
Let k(y) = y**3 + y**2 - 895*y + 2648. Give k(3).
-1
Let v(t) = t**3 + 5*t**2 + 23*